448286.
2, 19, 47, 251
List the prime factors of 10054515.
3, 5, 19, 35279
What are the prime factors of 212134?
2, 13, 41, 199
List the prime factors of 3329498.
2, 67, 24847
What are the prime factors of 757614?
2, 3, 11, 13, 883
What are the prime factors of 16098413?
23, 699931
What are the prime factors of 14229761?
7, 13, 156371
What are the prime factors of 102124?
2, 11, 211
What are the prime factors of 741886?
2, 347, 1069
List the prime factors of 6741817.
593, 11369
List the prime factors of 523253.
277, 1889
What are the prime factors of 276206?
2, 7, 109, 181
What are the prime factors of 164978?
2, 11, 7499
What are the prime factors of 4629096?
2, 3, 29, 739
List the prime factors of 6433049.
7, 79, 11633
What are the prime factors of 3079414?
2, 13, 17, 6967
What are the prime factors of 6581799?
3, 7, 104473
List the prime factors of 2223577.
293, 7589
What are the prime factors of 5992453?
47, 59, 2161
List the prime factors of 950279.
11, 86389
What are the prime factors of 306664?
2, 38333
What are the prime factors of 66051?
3, 41, 179
List the prime factors of 18445724.
2, 11, 23, 1657
List the prime factors of 9948662.
2, 71, 70061
What are the prime factors of 1086899?
11, 98809
List the prime factors of 659203.
23, 28661
What are the prime factors of 1418875?
5, 11351
List the prime factors of 107269.
107269
List the prime factors of 629322.
2, 3, 53, 1979
What are the prime factors of 290431?
359, 809
What are the prime factors of 192898?
2, 43, 2243
List the prime factors of 4710379.
4710379
List the prime factors of 842126.
2, 263, 1601
List the prime factors of 19969680.
2, 3, 5, 83207
List the prime factors of 908693.
569, 1597
List the prime factors of 6692361.
3, 13, 101, 1699
List the prime factors of 96194.
2, 7, 6871
What are the prime factors of 15440143?
15440143
What are the prime factors of 1469?
13, 113
List the prime factors of 2291326.
2, 41, 27943
What are the prime factors of 42093?
3, 1559
List the prime factors of 5420439.
3, 66919
List the prime factors of 1940057.
7, 17, 137
What are the prime factors of 1166077?
11, 23, 419
What are the prime factors of 8532773?
8532773
List the prime factors of 1008793.
1008793
List the prime factors of 45291.
3, 31, 487
What are the prime factors of 263468?
2, 65867
List the prime factors of 3423021.
3, 7, 19, 23, 373
List the prime factors of 2172353.
331, 6563
List the prime factors of 217553.
7, 31079
What are the prime factors of 419254?
2, 11, 17, 19, 59
What are the prime factors of 1483096?
2, 89, 2083
List the prime factors of 1248716.
2, 7, 23, 277
List the prime factors of 15200546.
2, 7600273
List the prime factors of 138224.
2, 53, 163
What are the prime factors of 544319?
157, 3467
What are the prime factors of 249917?
17, 61, 241
What are the prime factors of 227152?
2, 14197
List the prime factors of 315238.
2, 7, 11, 23, 89
What are the prime factors of 8354371?
8354371
List the prime factors of 38560271.
263, 146617
What are the prime factors of 17512666?
2, 8756333
What are the prime factors of 998666?
2, 347, 1439
List the prime factors of 1183320.
2, 3, 5, 19, 173
What are the prime factors of 7548778?
2, 3774389
What are the prime factors of 5041387?
13, 387799
What are the prime factors of 46258?
2, 101, 229
What are the prime factors of 327988?
2, 167, 491
List the prime factors of 4520866.
2, 7, 322919
List the prime factors of 1397713.
29, 48197
List the prime factors of 2337431.
31, 75401
What are the prime factors of 3703436?
2, 11, 73, 1153
List the prime factors of 6237739.
6237739
What are the prime factors of 1525780?
2, 5, 76289
List the prime factors of 2308727.
2308727
List the prime factors of 1164394.
2, 7, 11, 7561
List the prime factors of 13202810.
2, 5, 83, 15907
List the prime factors of 551950.
2, 5, 7, 19, 83
What are the prime factors of 1033285?
5, 11, 18787
List the prime factors of 712185.
3, 5, 79, 601
What are the prime factors of 1688740?
2, 5, 84437
List the prime factors of 358887.
3, 17, 31, 227
List the prime factors of 22308695.
5, 167, 26717
What are the prime factors of 17883442?
2, 43, 207947
List the prime factors of 3613957.
3613957
List the prime factors of 12736871.
7, 23, 79111
What are the prime factors of 1361422?
2, 193, 3527
List the prime factors of 5155192.
2, 7, 13151
What are the prime factors of 446513?
29, 89, 173
List the prime factors of 680440.
2, 5, 17011
List the prime factors of 4299392.
2, 33589
What are the prime factors of 1477375?
5, 53, 223
List the prime factors of 400863.
3, 47, 2843
List the prime factors of 1330962.
2, 3, 221827
List the prime factors of 586317.
3, 67, 2917
List the prime factors of 4281566.
2, 37, 57859
List the prime factors of 85081.
85081
What are the prime factors of 12098294?
2, 13, 465319
List the prime factors of 222955.
5, 17, 43, 61
What are the prime factors of 25290733?
13, 421, 4621
List the prime factors of 4464908.
2, 7, 181, 881
List the prime factors of 8196851.
13, 337, 1871
List the prime factors of 15179208.
2, 3, 11, 5227
List the prime factors of 3080436.
2, 3, 23, 11161
What are the prime factors of 464176?
2, 67, 433
List the prime factors of 16163738.
2, 1637, 4937
List the prime factors of 14199828.
2, 3, 17, 47, 1481
What are the prime factors of 16877109?
3, 569, 9887
What are the prime factors of 24276542?
2, 79, 153649
What are the prime factors of 2772063?
3, 7, 4889
What are the prime factors of 15539724?
2, 3, 431659
What are the prime factors of 14155637?
14155637
List the prime factors of 3595072.
2, 13, 29, 149
List the prime factors of 220426.
2, 307, 359
What are the prime factors of 178769?
53, 3373
What are the prime factors of 801552?
2, 3, 16699
What are the prime factors of 1945945?
5, 389189
What are the prime factors of 7688160?
2, 3, 5, 19, 281
List the prime factors of 37842.
2, 3, 7, 17, 53
List the prime factors of 9998519.
103, 97073
What are the prime factors of 792230?
2, 5, 227, 349
What are the prime factors of 2967671?
7, 353, 1201
What are the prime factors of 361381?
389, 929
What are the prime factors of 2023554?
2, 3, 13, 25943
List the prime factors of 6936780.
2, 3, 5, 115613
What are the prime factors of 1708533?
3, 79, 89
List the prime factors of 2383628.
2, 13, 23, 1993
List the prime factors of 2158964.
2, 23, 31, 757
What are the prime factors of 597538?
2, 109, 2741
List the prime factors of 5123387.
79, 64853
What are the prime factors of 200787?
3, 17, 31, 127
List the prime factors of 48899.
107, 457
What are the prime factors of 112738?
2, 56369
List the prime factors of 16283398.
2, 433, 18803
List the prime factors of 684998.
2, 17, 20147
What are the prime factors of 1722514?
2, 373, 2309
What are the prime factors of 701478?
2, 3, 38971
List the prime factors of 444468.
2, 3, 37039
What are the prime factors of 3632341?
79, 45979
List the prime factors of 1713055.
5, 397, 863
What are the prime factors of 237421?
137, 1733
What are the prime factors of 5749620?
2, 3, 5, 79, 1213
List the prime factors of 34117.
109, 313
What are the prime factors of 1537554?
2, 3, 109, 2351
List the prime factors of 90704.
2, 5669
What are the prime factors of 2854872?
2, 3, 13217
What are the prime factors of 11296599?
3, 3765533
List the prime factors of 190892.
2, 13, 3671
What are the prime factors of 279335?
5, 7, 23, 347
What are the prime factors of 7943744?
2, 124121
What are the prime factors of 2257086?
2, 3, 13, 19, 1523
List the prime factors of 540545.
5, 108109
List the prime factors of 313395.
3, 5, 17, 1229
List the prime factors of 219021.
3, 11, 6637
What are the prime factors of 670170?
2, 3, 5, 89, 251
List the prime factors of 809117.
23, 127, 277
What are the prime factors of 11006805?
3, 5, 29, 25303
List the prime factors of 205124.
2, 19, 2699
List the prime factors of 23601546.
2, 3, 307, 4271
List the prime factors of 4377046.
2, 239, 9157
What are the prime factors of 2328134?
2, 1164067
What are the prime factors of 1994926?
2, 997463
What are the prime factors of 4544?
2, 71
List the prime factors of 18484011.
3, 7, 13, 7523
List the prime factors of 110871.
3, 97, 127
What are the prime factors of 786373?
7, 112339
List the prime factors of 22571783.
13, 101, 171